[INFO] cloning repository https://github.com/chronicl/pack2
[INFO] running `Command { std: "git" "-c" "credential.helper=" "-c" "credential.helper=/workspace/cargo-home/bin/git-credential-null" "clone" "--bare" "https://github.com/chronicl/pack2" "/workspace/cache/git-repos/https%3A%2F%2Fgithub.com%2Fchronicl%2Fpack2", kill_on_drop: false }`
[INFO] [stderr] Cloning into bare repository '/workspace/cache/git-repos/https%3A%2F%2Fgithub.com%2Fchronicl%2Fpack2'...
[INFO] running `Command { std: "git" "rev-parse" "HEAD", kill_on_drop: false }`
[INFO] [stdout] 1dd3f7d87f7b873724d723b51f916e7abaa5ddce
[INFO] checking chronicl/pack2 against master#e6e4f7ed1589e03bc2f6c5931c1a72e7947e8682 for beta-170-4
[INFO] running `Command { std: "git" "clone" "/workspace/cache/git-repos/https%3A%2F%2Fgithub.com%2Fchronicl%2Fpack2" "/workspace/builds/worker-1-tc2/source", kill_on_drop: false }`
[INFO] [stderr] Cloning into '/workspace/builds/worker-1-tc2/source'...
[INFO] [stderr] done.
[INFO] validating manifest of git repo https://github.com/chronicl/pack2 on toolchain e6e4f7ed1589e03bc2f6c5931c1a72e7947e8682
[INFO] running `Command { std: CARGO_HOME="/workspace/cargo-home" RUSTUP_HOME="/workspace/rustup-home" "/workspace/cargo-home/bin/cargo" "+e6e4f7ed1589e03bc2f6c5931c1a72e7947e8682" "metadata" "--manifest-path" "Cargo.toml" "--no-deps", kill_on_drop: false }`
[INFO] started tweaking git repo https://github.com/chronicl/pack2
[INFO] finished tweaking git repo https://github.com/chronicl/pack2
[INFO] tweaked toml for git repo https://github.com/chronicl/pack2 written to /workspace/builds/worker-1-tc2/source/Cargo.toml
[INFO] crate git repo https://github.com/chronicl/pack2 already has a lockfile, it will not be regenerated
[INFO] running `Command { std: CARGO_HOME="/workspace/cargo-home" RUSTUP_HOME="/workspace/rustup-home" "/workspace/cargo-home/bin/cargo" "+e6e4f7ed1589e03bc2f6c5931c1a72e7947e8682" "fetch" "--manifest-path" "Cargo.toml", kill_on_drop: false }`
[INFO] running `Command { std: "docker" "create" "-v" "/var/lib/crater-agent-workspace/builds/worker-1-tc2/target:/opt/rustwide/target:rw,Z" "-v" "/var/lib/crater-agent-workspace/builds/worker-1-tc2/source:/opt/rustwide/workdir:ro,Z" "-v" "/var/lib/crater-agent-workspace/cargo-home:/opt/rustwide/cargo-home:ro,Z" "-v" "/var/lib/crater-agent-workspace/rustup-home:/opt/rustwide/rustup-home:ro,Z" "-e" "SOURCE_DIR=/opt/rustwide/workdir" "-e" "CARGO_TARGET_DIR=/opt/rustwide/target" "-e" "CARGO_HOME=/opt/rustwide/cargo-home" "-e" "RUSTUP_HOME=/opt/rustwide/rustup-home" "-w" "/opt/rustwide/workdir" "-m" "1610612736" "--user" "0:0" "--network" "none" "ghcr.io/rust-lang/crates-build-env/linux@sha256:19e73879b68f455e41552ea35293514db52ea292d993f571636dbffedb77a1ee" "/opt/rustwide/cargo-home/bin/cargo" "+e6e4f7ed1589e03bc2f6c5931c1a72e7947e8682" "metadata" "--no-deps" "--format-version=1", kill_on_drop: false }`
[INFO] [stdout] 1488f965b4e6a31ad1626309b07f44507e143f7147d8c3e2f3deac1733a30a02
[INFO] running `Command { std: "docker" "start" "-a" "1488f965b4e6a31ad1626309b07f44507e143f7147d8c3e2f3deac1733a30a02", kill_on_drop: false }`
[INFO] running `Command { std: "docker" "inspect" "1488f965b4e6a31ad1626309b07f44507e143f7147d8c3e2f3deac1733a30a02", kill_on_drop: false }`
[INFO] running `Command { std: "docker" "rm" "-f" "1488f965b4e6a31ad1626309b07f44507e143f7147d8c3e2f3deac1733a30a02", kill_on_drop: false }`
[INFO] [stdout] 1488f965b4e6a31ad1626309b07f44507e143f7147d8c3e2f3deac1733a30a02
[INFO] running `Command { std: "docker" "create" "-v" "/var/lib/crater-agent-workspace/builds/worker-1-tc2/target:/opt/rustwide/target:rw,Z" "-v" "/var/lib/crater-agent-workspace/builds/worker-1-tc2/source:/opt/rustwide/workdir:ro,Z" "-v" "/var/lib/crater-agent-workspace/cargo-home:/opt/rustwide/cargo-home:ro,Z" "-v" "/var/lib/crater-agent-workspace/rustup-home:/opt/rustwide/rustup-home:ro,Z" "-e" "SOURCE_DIR=/opt/rustwide/workdir" "-e" "CARGO_TARGET_DIR=/opt/rustwide/target" "-e" "CARGO_INCREMENTAL=0" "-e" "RUST_BACKTRACE=full" "-e" "RUSTFLAGS=--cap-lints=forbid" "-e" "RUSTDOCFLAGS=--cap-lints=forbid" "-e" "CARGO_HOME=/opt/rustwide/cargo-home" "-e" "RUSTUP_HOME=/opt/rustwide/rustup-home" "-w" "/opt/rustwide/workdir" "-m" "1610612736" "--user" "0:0" "--network" "none" "ghcr.io/rust-lang/crates-build-env/linux@sha256:19e73879b68f455e41552ea35293514db52ea292d993f571636dbffedb77a1ee" "/opt/rustwide/cargo-home/bin/cargo" "+e6e4f7ed1589e03bc2f6c5931c1a72e7947e8682" "check" "--frozen" "--all" "--all-targets" "--message-format=json", kill_on_drop: false }`
[INFO] [stdout] a8b4dc38842aec6a5f8ca0bd4dfed3014b1935cd1cc06c2e160abb10d0b0349f
[INFO] running `Command { std: "docker" "start" "-a" "a8b4dc38842aec6a5f8ca0bd4dfed3014b1935cd1cc06c2e160abb10d0b0349f", kill_on_drop: false }`
[INFO] [stderr]    Compiling proc-macro2 v1.0.39
[INFO] [stderr]    Compiling unicode-ident v1.0.0
[INFO] [stderr]    Compiling syn v1.0.95
[INFO] [stderr]    Compiling libc v0.2.126
[INFO] [stderr]     Checking windows v0.37.0
[INFO] [stderr]     Checking etherparse v0.10.1
[INFO] [stdout] error[E0433]: failed to resolve: could not find `windows` in `os`
[INFO] [stdout]   --> /opt/rustwide/cargo-home/registry/src/index.crates.io-6f17d22bba15001f/windows-0.37.0/src/core/pcwstr.rs:64:24
[INFO] [stdout]    |
[INFO] [stdout] 64 |         use ::std::os::windows::ffi::OsStrExt;
[INFO] [stdout]    |                        ^^^^^^^ could not find `windows` in `os`
[INFO] [stdout] 
[INFO] [stdout] 
[INFO] [stdout] error[E0433]: failed to resolve: could not find `windows` in `os`
[INFO] [stdout]   --> /opt/rustwide/cargo-home/registry/src/index.crates.io-6f17d22bba15001f/windows-0.37.0/src/core/hstring.rs:53:18
[INFO] [stdout]    |
[INFO] [stdout] 53 |         std::os::windows::ffi::OsStringExt::from_wide(self.as_wide())
[INFO] [stdout]    |                  ^^^^^^^ could not find `windows` in `os`
[INFO] [stdout]    |
[INFO] [stdout] help: consider importing this trait
[INFO] [stdout]    |
[INFO] [stdout] 1  + use std::os::unix::prelude::OsStringExt;
[INFO] [stdout]    |
[INFO] [stdout] help: if you import `OsStringExt`, refer to it directly
[INFO] [stdout]    |
[INFO] [stdout] 53 -         std::os::windows::ffi::OsStringExt::from_wide(self.as_wide())
[INFO] [stdout] 53 +         OsStringExt::from_wide(self.as_wide())
[INFO] [stdout]    |
[INFO] [stdout] 
[INFO] [stdout] 
[INFO] [stdout] error[E0433]: failed to resolve: could not find `windows` in `os`
[INFO] [stdout]    --> /opt/rustwide/cargo-home/registry/src/index.crates.io-6f17d22bba15001f/windows-0.37.0/src/core/hstring.rs:173:48
[INFO] [stdout]     |
[INFO] [stdout] 173 |         unsafe { Self::from_wide_iter(std::os::windows::ffi::OsStrExt::encode_wide(value), value.len() as u32) }
[INFO] [stdout]     |                                                ^^^^^^^ could not find `windows` in `os`
[INFO] [stdout]     |
[INFO] [stdout] help: consider importing this trait
[INFO] [stdout]     |
[INFO] [stdout] 1   + use std::os::unix::prelude::OsStrExt;
[INFO] [stdout]     |
[INFO] [stdout] help: if you import `OsStrExt`, refer to it directly
[INFO] [stdout]     |
[INFO] [stdout] 173 -         unsafe { Self::from_wide_iter(std::os::windows::ffi::OsStrExt::encode_wide(value), value.len() as u32) }
[INFO] [stdout] 173 +         unsafe { Self::from_wide_iter(OsStrExt::encode_wide(value), value.len() as u32) }
[INFO] [stdout]     |
[INFO] [stdout] 
[INFO] [stdout] 
[INFO] [stdout] error[E0433]: failed to resolve: could not find `windows` in `os`
[INFO] [stdout]    --> /opt/rustwide/cargo-home/registry/src/index.crates.io-6f17d22bba15001f/windows-0.37.0/src/core/hstring.rs:287:52
[INFO] [stdout]     |
[INFO] [stdout] 287 |         self.as_wide().iter().copied().eq(std::os::windows::ffi::OsStrExt::encode_wide(other))
[INFO] [stdout]     |                                                    ^^^^^^^ could not find `windows` in `os`
[INFO] [stdout]     |
[INFO] [stdout] help: consider importing this trait
[INFO] [stdout]     |
[INFO] [stdout] 1   + use std::os::unix::prelude::OsStrExt;
[INFO] [stdout]     |
[INFO] [stdout] help: if you import `OsStrExt`, refer to it directly
[INFO] [stdout]     |
[INFO] [stdout] 287 -         self.as_wide().iter().copied().eq(std::os::windows::ffi::OsStrExt::encode_wide(other))
[INFO] [stdout] 287 +         self.as_wide().iter().copied().eq(OsStrExt::encode_wide(other))
[INFO] [stdout]     |
[INFO] [stdout] 
[INFO] [stdout] 
[INFO] [stderr]    Compiling quote v1.0.18
[INFO] [stderr]     Checking socket2 v0.4.4
[INFO] [stdout] error[E0599]: no method named `encode_wide` found for reference `&OsStr` in the current scope
[INFO] [stdout]   --> /opt/rustwide/cargo-home/registry/src/index.crates.io-6f17d22bba15001f/windows-0.37.0/src/core/pcwstr.rs:65:50
[INFO] [stdout]    |
[INFO] [stdout] 65 |         Param::Boxed(PCWSTR(alloc_from_iter(self.encode_wide().chain(core::iter::once(0)), self.len() + 1)))
[INFO] [stdout]    |                                                  ^^^^^^^^^^^ method not found in `&OsStr`
[INFO] [stdout] 
[INFO] [stdout] 
[INFO] [stdout] error: aborting due to 5 previous errors
[INFO] [stdout] 
[INFO] [stdout] 
[INFO] [stdout] Some errors have detailed explanations: E0433, E0599.
[INFO] [stdout] 
[INFO] [stdout] For more information about an error, try `rustc --explain E0433`.
[INFO] [stdout] 
[INFO] [stderr] error: could not compile `windows` (lib) due to 6 previous errors
[INFO] [stderr] warning: build failed, waiting for other jobs to finish...
[INFO] running `Command { std: "docker" "inspect" "a8b4dc38842aec6a5f8ca0bd4dfed3014b1935cd1cc06c2e160abb10d0b0349f", kill_on_drop: false }`
[INFO] running `Command { std: "docker" "rm" "-f" "a8b4dc38842aec6a5f8ca0bd4dfed3014b1935cd1cc06c2e160abb10d0b0349f", kill_on_drop: false }`
[INFO] [stdout] a8b4dc38842aec6a5f8ca0bd4dfed3014b1935cd1cc06c2e160abb10d0b0349f
